57. What is the hundreds digit of t?
2
Suppose 3*h = 5*j + 70098 + 23640, -4*h = 4*j - 124952. What is the ten thousands digit of h?
3
Suppose 1098 + 296 = 2*k. What is the hundreds digit of k?
6
Suppose 8 = -21*i + 8. Suppose -2*z - 1048 = -3*r, 4*r - 6*z + 4*z - 1398 = i. What is the hundreds digit of r?
3
Let u(s) = s**3 + 21*s**2 + 19*s - 2. Let l be u(-20). What is the units digit of 6/l + (-2864)/(-12)?
9
What is the hundreds digit of 9*(-10)/18*(-4 + -5030)?
1
Suppose -5*v + 2*k = -31017, 6207 = -5*v + 6*v - 4*k. What is the thousands digit of v?
6
Suppose 0 = 5*r - 15, 4*r = -4*t + 142 - 34. Suppose t*j - 27*j = -1176. What is the units digit of j?
2
Let l(q) = -6*q + 7. Let z be l(-9). Suppose -4*m = -277 + z. Let i = 99 - m. What is the tens digit of i?
4
What is the units digit of (-2 + 6 - (-988)/1) + 4 + -5?
1
Suppose -5*n + 2*b = -81405, -11*n + 7*n - 6*b = -65124. What is the thousands digit of n?
6
Let f(s) = s**3 + 3*s**2 + 2*s + 1. Let u be f(-3). Let o be u/(5/(-2))*(-26)/(-4). Suppose -18*x + o*x + 530 = 0. What is the hundreds digit of x?
1
Suppose -308*o + 2973357 = -819930 + 1000343. What is the units digit of o?
8
Suppose -5*z = 267 - 347. Let x(g) = 5*g**2 - 27*g - 37. What is the hundreds digit of x(z)?
8
Let h(p) = 30*p - 4. Let u be h(19). Let s = u - 296. Suppose -8*x = 2*x - s. What is the tens digit of x?
2
Let m(g) = 7*g**2 - 96. Let k(f) = -9*f**2 + f + 97. Let u(i) = -4*k(i) - 5*m(i). What is the tens digit of u(-14)?
4
Let k = -9 + 11. Suppose 5*z - 3*x + 44 = k, -4*z + 3*x = 33. Let d(s) = -7*s + 9. What is the units digit of d(z)?
2
Let y = -157 - -161. Suppose -5*q = 3*h - 1354, y*h - 505 = -2*q + 31. What is the units digit of q?
2
Suppose -j + 3 + 2 = 0. Suppose -41*k + 37*k - q - 1 = 0, 5*q = -5. Suppose 2*r + 919 = 6*r + j*t, k = r + 2*t - 229. What is the units digit of r?
1
Suppose k + 3*l - 3067 = -114, -2*k - l = -5951. What is the tens digit of k?
8
Let a be ((-2)/(-6))/(2/(-102)*1). Let k(v) = 2*v**2 + 23*v + 2. What is the hundreds digit of k(a)?
1
Suppose 0 = -c - 4*v + 14, 20 = 4*c - 0*v + 4*v. Let q(o) = -o - 3. Let t be q(-7). What is the tens digit of 27/c - t/(-8)?
1
Suppose -4*a = -2*s + 477870, -3*s - 129909 = 2*a + 109046. What is the tens digit of a/(-325) - ((-12)/10)/3?
6
What is the tens digit of (-1 - -1282) + 1/3*12?
8
Suppose 15*f - 9*f = 66. What is the tens digit of -2 + 279 - (f + -6)?
7
Suppose -13*v + 4*v = -4923. Suppose v = 4*z - 721. What is the hundreds digit of z?
3
Suppose n - 7534 = -1054 + 4816. What is the units digit of n?
6
Let m(y) = 376*y - 7. Let a = -46 - -47. What is the units digit of m(a)?
9
Let u = -39 - -247. Suppose -1628 = -3*t + u. What is the hundreds digit of t?
6
Let i be (-4)/6 - ((-2)/(-6) + -3). Suppose 60 = -i*p + 2*w - 60, 138 = -2*p - 4*w. What is the hundreds digit of (-10767)/p + (-4)/(-42)?
1
Suppose 4*a + 5*m = 3*m + 246, -4*a + 261 = -m. Suppose 20 = 2*w - a. Let o = -41 + w. What is the units digit of o?
1
Let i be -6 + 10 - (1 - -1). Suppose -z - 21 = -5*r, -i*r + 3 = -z - 3. Suppose 3*w - b = 74 + 86, 0 = -5*w - z*b + 295. What is the tens digit of w?
5
Suppose 0 = -13*i + 8*i - 10, 0 = 2*r - 4*i - 286. Suppose -b + 71 = s - 0*s, 2*s = -3*b + r. What is the units digit of s?
4
Let r = -2722 + 10941. What is the thousands digit of r?
8
Let c = 167 - 171. Let o(y) = -158*y + 123. What is the hundreds digit of o(c)?
7
Let l(f) = 11240*f**3 + 3*f**2 + 42*f - 44. What is the hundreds digit of l(1)?
2
Suppose v = -5*w + 4737 + 19936, -4*v + 2*w + 98868 = 0. What is the thousands digit of v?
4
Let a(m) = 1673*m - 4472. What is the ten thousands digit of a(15)?
2
Suppose 17*m - 20*m = u + 3739, -3*m - 3740 = 2*u. Let n = m + 1917. What is the units digit of n?
1
Let g(a) = -8*a - 65. Let w be g(-9). What is the hundreds digit of w*((0 - -26) + -5)?
1
Suppose 0 = r + 1, 815*j - 4*r = 816*j - 34479. What is the units digit of j?
3
Let c(g) = 20*g + 6. Let b be c(9). Suppose 85 = q + b. What is the units digit of q/3*(-1)/(-1)*-3?
1
Suppose -117953 - 373566 + 9539 = -29*r. What is the hundreds digit of r?
6
Let o be (3 + 4 + -2)*1. Suppose o*b - 23*b = -810. Suppose -b = -z + 2*d + 26, -4*z = 3*d - 328. What is the tens digit of z?
7
Suppose s + 1811 = 2*y + 4549, -8247 = -3*s - 5*y. Suppose -1820 = 3*c - s. What is the tens digit of c?
0
Let q be 4/3 + (-2149)/21. Let i = 105 + q. Suppose -5*v + y = -180, 3*y + 7 = -i*v + 132. What is the units digit of v?
5
Suppose 0 = 7*v + 7136 - 158000. What is the thousands digit of v?
1
Let g = 10842 - -1869. What is the thousands digit of g?
2
Let b(i) = 630*i - 1264. What is the hundreds digit of b(45)?
0
Let o(z) = -14*z + 2 + 23*z + 2. Let x(u) = u**2 + 24*u + 11. Let w be x(-24). What is the hundreds digit of o(w)?
1
Let b(n) be the second derivative of n**4/12 - 8*n**3/3 + 5*n**2/2 - 14*n. Let z be b(16). Let r(c) = 2*c**2 + 4*c - 10. What is the units digit of r(z)?
0
Suppose -q - 5*z = 3, 6*q = 4*q + 4*z - 6. What is the hundreds digit of (q*1444/(-6))/1?
7
Let z(v) = -v - 7. Let f be z(-5). What is the tens digit of 6/f - (-18 - 11)?
2
Let l(r) = -579*r + 46. Let d be l(14). What is the hundreds digit of (-23)/(299/d) + 1*-1?
6
Let a(x) = -215*x**3 + x. Let t be a(1). Let v = -152 - t. Suppose 78 + v = 2*n. What is the tens digit of n?
7
Let y = -158 + 287. Suppose -6*d - 15 - y = 0. What is the tens digit of -25*(d/(-20) - 2)?
2
Let i be 11 + -11 - (2 - 259). Suppose 3*x = 761 - i. Let p = x - 97. What is the units digit of p?
1
Suppose 134*b + 117*b = 2492179. What is the units digit of b?
9
Let n = -21134 - -31298. Suppose 8*f = -14*f + n. What is the tens digit of f?
6
Suppose -4*n + 2 = -t - 0, 4 = -2*t. Let j be (1/2)/((44/24)/11). Suppose n*p + 468 = j*p. What is the tens digit of p?
5
Suppose 10*y - y + 1233 = 0. Let u = -135 - y. Suppose 2*z = -u*h + 106, z - 5*h - 31 - 28 = 0. What is the tens digit of z?
5
Let t be (3/(-2))/((-3)/10). Suppose -4*g = 2*w - 1679 + 353, -3*g + 1005 = t*w. What is the hundreds digit of g?
3
Let b(t) = 1594*t - 3330. What is the thousands digit of b(3)?
1
Suppose 16*w - 5*c = 11*w + 58610, -4*c = -3*w + 35159. What is the units digit of w?
9
Let c be (0 - (-24)/14) + 4/14. Let w be 0*(-6 - -3)*c/6. Suppose w = -9*a + 4*a + 500. What is the tens digit of a?
0
Suppose -3*f + 10 = 4*b, -35 = 5*b - 10. Suppose f*w - 4452 = 24*w. What is the units digit of ((-56)/(-84))/(((-5)/w)/5)?
2
Let x(w) = -w**2 + 14*w - 31. Suppose 3*f + 9 = 0, -4*g - 4*f + 0 + 40 = 0. Let h be x(g). Let m = h + 46. What is the tens digit of m?
2
Let u be (-22776)/(-45) - (-12)/(-90). Suppose 3*q + 5*p - 9*p = 748, 2*q - u = -p. What is the tens digit of q?
5
Let y(v) = 3*v**2 + 2*v. Let z be y(2). Let m be (-6)/24 + 4/z. Suppose 2*w - 6*w = -3*b + 316, -b - w + 96 = m. What is the tens digit of b?
0
Suppose 4*d - 24592 = -17*d + 106679. What is the units digit of d?
1
Let v(i) = -i**2 + 187*i + 335. What is the hundreds digit of v(57)?
7
Let z = 350 + -146. Suppose 2*x = -2*x - z. Let n = -24 - x. What is the units digit of n?
7
Let l(r) = -16*r + 276. Let v be l(16). Suppose -8*m + 4*m = -v, -2*m = 2*o - 20. What is the units digit of o?
5
Let h = -10127 - -14499. What is the units digit of h?
2
Suppose 5*f - 2*n - 448 = -3*n, 0 = -5*f + 3*n + 436. Suppose -4*j - f = -365. Suppose -13*z + j = -12*z. What is the units digit of z?
9
Suppose -4*g + 5*g + 4901 = 5*k, k - g = 981. Let s be 12 - 4/2 - 0 - 4. Suppose -s*h = -h - k. What is the hundreds digit of h?
1
Suppose 48 = -2*i + 10*i. Suppose 0 = -i*m + 3 - 63. What is the tens digit of (716/(-20) - -3)/(2/m)?
6
Let a = -92 - -109. Suppose -a*u + 14*u = -5445. What is the hundreds digit of u?
8
Let q(m) = 3819*m**2 - 72*m - 201. What is the thousands digit of q(-3)?
4
Suppose -g - 35480 = -21*g. Let r = g - 42. What is the units digit of r?
2
Let m = 5197 + 9524. What is the tens digit of m?
2
Let i(z) = -17 + 0*z - 54427*z**2 + 54422*z**2 - 5*z - 8*z**3. What is the tens digit of i(-4)?
3
Let f(i) = 5*i**3 - 3. Let d be f(-2). Let r = d + 47. Let j(m) = 3*m**2 + 4*m. What is the units digit of j(r)?
4
What is the tens digit of 27597/(0 - (-42)/28)?
9
Let t = 24367 + -1619. What is the ten thousands digit of t?
2
Suppose -8*z + 201